 the greatest common divisor of k and 16.
16
Let f(k) = -4*k**2 + 406*k - 192. Let h be f(101). Calculate the highest common factor of 305 and h.
5
Let n be 8/(176/12782) - 14. What is the highest common divisor of n and 2025?
81
Let r(c) = -c**3 - 8*c**2 + 8*c - 12. Let w be r(-9). Let p be (3 + w + 2)/((-3)/(-27)). What is the greatest common factor of 6 and p?
6
Let h = -3649 + 7301. Let r = h - 1708. What is the highest common divisor of 108 and r?
108
Suppose 2*r + 3 + 49 = n, 2*n + r - 74 = 0. Let v(h) = h**3 - 6*h**2 + 8. Let s be v(6). Calculate the highest common divisor of n and s.
8
Let o = -1028 - -1028. Suppose -5*u - 11 = -r - 3, -r - 3*u = 0. Suppose o = r*j - 86 - 124. Calculate the greatest common factor of j and 10.
10
Let r be (127 + -126)/(1/31). What is the greatest common divisor of r and 1240?
31
Let w be (269 + -268)/((-2)/(-104)). Calculate the highest common factor of 1742 and w.
26
Suppose -f - u - 423 = 0, -6*f + 10*f = -u - 1707. Let g = f - -548. What is the highest common divisor of 30 and g?
30
Suppose 0 = 2*b + 4*v - 54, 4*v = 51*b - 52*b + 33. Let x(w) = 1 + 1 - 2 - 21*w. Let k be x(-1). Calculate the greatest common factor of k and b.
21
Suppose -3*q + 197 = 17. Suppose m + 59 = q. Let c be m - (-184)/7 - (-2)/(-7). Calculate the highest common factor of 45 and c.
9
Suppose 7*o - 83424 = -2*y - 19437, 2*o - 18282 = -5*y. What is the highest common divisor of 33 and o?
33
Let n(z) = -4*z - 12. Let h be n(-5). Suppose -4*d + h*d = 12. Let p be (4 + -1)/(-2 - -3). Calculate the greatest common factor of d and p.
3
Suppose o - 2*o = -65. Let c = -57 + o. Suppose 49 = c*p - p. Calculate the greatest common factor of 56 and p.
7
Suppose -2*y - 695 = 4*w + 851, -4*w - 1564 = -4*y. Let a = w - -573. Calculate the highest common divisor of a and 111.
37
Suppose -11172 = -82*q + 86244. Calculate the greatest common divisor of 44 and q.
44
Let f = -24334 - -24406. Calculate the highest common divisor of 16470 and f.
18
Let n = -5 - -9. Suppose -4*d = -n, 3*d = -3*h + d + 422. Suppose -25*k = -57*k - 124*k + 4368. What is the highest common divisor of h and k?
28
Suppose 74*f + 867 = 71*f. Let h = -268 - f. Calculate the highest common factor of 84 and h.
21
Let w = 378 + -376. Let l(v) = 94*v - 13. Let f be l(w). What is the greatest common divisor of f and 10?
5
Let x = 13 - 7. Suppose -2*z + 6 = -x. Let y = 454 + -406. What is the greatest common factor of y and z?
6
Let m = 24791 + -24094. Calculate the highest common divisor of 221 and m.
17
Let h be 52/(-78) + (78256/(-6))/(-4). What is the greatest common divisor of 40 and h?
20
Suppose 112*n + k = 109*n + 38, k + 82 = 5*n. What is the highest common factor of n and 2334?
3
Suppose 0*c + 6 = 6*c. Let o be c*(2 - (3 - 0)). Let t be (-5 - o - -1) + 9. Calculate the highest common factor of t and 12.
6
Let f = -3803 + 3871. What is the highest common divisor of 8874 and f?
34
Let i(u) = -2*u**2 + 51*u - 222. Let z be i(18). What is the highest common factor of 264 and z?
24
Suppose 134*t - 268*t + 47304 = 514*t. Suppose b + 146 = 2*b. Calculate the greatest common divisor of t and b.
73
Let v be (-2)/((-66)/5073) + 15/55. Calculate the highest common factor of 1463 and v.
77
Let k = 80 - 75. Suppose 4*u = -2*g + 256, 5*g - 196 = -k*u + 119. What is the greatest common divisor of 260 and u?
65
Suppose -15*j - 67 + 832 = 0. Let a = 74 + -103. Let o = a + j. Calculate the greatest common factor of 121 and o.
11
Let g be -7 - (-14 - 3) - -2664 - -4. Calculate the highest common divisor of 26 and g.
26
Let f = 5 - 2. Suppose 4*j + m - 108 + 41 = 0, 3*m = f*j - 39. Let x be (-10 + 6 + 4)/(-1 + 2) + 176. Calculate the highest common divisor of j and x.
16
Let v(y) = -246*y - 1144. Let p be v(-5). Suppose 3*w + h = 648, h + 9 = 4*h. Calculate the greatest common divisor of p and w.
43
Let s(k) = -2*k + 30. Suppose 97 = 8*t - 7. Let v be s(t). Let w = 5 - 4. Calculate the highest common factor of v and w.
1
Suppose -3*p + z - 5*z + 10 = 0, -3*p + 2*z + 40 = 0. Suppose 4*k - 184 = -4*i, i = 5*k - p*k + 222. Calculate the greatest common divisor of k and 418.
22
Let i(p) = 639*p + 150. Let s be i(2). Calculate the greatest common divisor of 306 and s.
102
Let p = 6601 + 375. What is the highest common factor of p and 16?
16
Suppose 0 = -3*a + 76 + 284. Let h = -539 - -695. Let i = h - 141. What is the greatest common factor of a and i?
15
Let t be 77990/65 + -4*1/(-26). Suppose -2*j + 177 + 60 = g, 5*g = -5*j + t. What is the greatest common factor of g and 27?
27
Let o(a) = a**3 - 16*a**2 + 37*a + 15. Let q be o(13). Let d be (0 - q)/33 + 4/6. Calculate the highest common factor of d and 90.
1
Let a(t) = -t**2 + 11*t + 1. Let q be a(11). Let b be (-5)/q - (7 + (4 - 106)). Calculate the greatest common divisor of b and 20.
10
Suppose 2*n - 15 = 3*g, -1 - 2 = 3*n + 4*g. Suppose 3*u = -0*u + 2*f + 277, 283 = n*u - 5*f. Calculate the greatest common divisor of 65 and u.
13
Let d = 198 - 195. Suppose 2*r - 1 = -d*x + 4, 2*x - 4 = -2*r. Let y be (-5)/2*(-8)/10. Calculate the greatest common factor of y and x.
1
Let x(s) = -s**3 - 9*s**2 - 11*s. Let a be x(-9). Let m be 19 + -1 - (2 - 1)*-4. Calculate the highest common divisor of a and m.
11
Let j(g) = 11*g**2 - 53*g + 105. Let y(f) = -5*f**2 + 26*f - 52. Let x(v) = 4*j(v) + 9*y(v). Let i be x(15). What is the greatest common factor of 912 and i?
57
Let k = 128 - 10. Suppose -k = -3*w + 182. Suppose -o + w = 2*z + z, -z + 458 = 5*o. Calculate the greatest common factor of 13 and o.
13
Let c(k) = k**3 + 42*k**2 - 44*k + 139. Let a be c(-43). What is the greatest common divisor of a and 413?
7
Let v(h) = -2*h + 21. Let k(q) = -2. Let n(a) = -2*k(a) + 2*v(a). Let r be n(-20). What is the greatest common factor of r and 6?
6
Let v(i) = -i**3 - i**2 - 118*i - 2065. Let c be v(-18). Calculate the greatest common factor of c and 38.
19
Suppose 13*t - 9*t - 120 = 0. Let j be (200/t)/((-1)/(-21)). Suppose 97 = 5*w + 3*v, w - 5*v - 65 = -2*w. Calculate the greatest common divisor of j and w.
20
Let u(g) = -g**2 + 11*g + 31. Let d be u(13). Suppose -d = 2*n - 2*b - 25, 4*n = -3*b + 33. What is the highest common factor of 333 and n?
9
Suppose 897724 = 255*b - 214331. What is the highest common factor of 98 and b?
49
Suppose 3*w + 0*w - 240 = 4*t, -4*t + 216 = 3*w. Let l = 13 + -10. Suppose -l*i + 83 = 2*f, 2*i + 23 - w = f. Calculate the highest common factor of 81 and i.
27
Suppose 10082 + 4940 = 58*d. Calculate the greatest common factor of 35 and d.
7
Let j(t) = 4*t**2 - 4*t + 11. Let q be j(4). Let s = -33 + q. Let f = -66 - -274. What is the greatest common factor of f and s?
26
Let f be 6340/70*(0 - -7). Let t be (2/4)/(f/(-212) + 3). Let v = -24 + t. What is the highest common factor of 203 and v?
29
Let r be 9/(-27) + (-228)/(-9) + -1. Let k be -21 + r - (-199 + (0 - -2)). What is the highest common factor of 40 and k?
40
Let m be (-35754)/(-26) + 1 - 95/((-3705)/(-6)). What is the greatest common divisor of 4644 and m?
172
Let m be 3*(1 - (0 + -60)). Suppose m = 10*i + 73. Calculate the greatest common factor of i and 484.
11
Let q be (1 - -5)*(-27)/(-6). Suppose -5*u + 271 = l, 4*u - 4*l - 126 - 86 = 0. What is the highest common divisor of q and u?
27
Suppose -30*p + 91902 + 710 = -13228. What is the greatest common divisor of 14 and p?
14
Let x = -1559 + 801. Let n be x/(-2) + 6 + (-1 - 4). Calculate the highest common divisor of 76 and n.
76
Let v(o) = 36*o**3 - 3*o**2 + 3*o + 2. Let p be (9 + -12 - (-5 - 0))*1. Let z be v(p). What is the greatest common factor of z and 71?
71
Let u(m) = -38*m + 52. Let n be u(-10). Let g = n + -406. What is the greatest common divisor of g and 13?
13
Suppose v = 27 + 1. Let m = v - 23. Suppose 0 = -m*p + 694 + 631. Calculate the highest common divisor of 53 and p.
53
Suppose -4*x + 1072 = 4*h, -408 = -x - 5*h - 124. What is the highest common divisor of 341 and x?
11
Suppose 2905*b - 2912*b + 13706 = 0. What is the greatest common factor of b and 11?
11
Let n be 17251/104 - 3/(-24). Let c = n + -130. What is the greatest common divisor of 45 and c?
9
Let y(q) = -4744*q - 2016. Let l be y(-4). Calculate the greatest common factor of 480 and l.
160
Suppose -21*c - 10*c = -14508. What is the hi